6?
True
Is 19 a factor of 19341?
False
Is 138 a factor of 39054?
True
Does 101 divide 16160?
True
Does 3 divide 145?
False
Is 41 a factor of 62829?
False
Does 27 divide 777?
False
Does 3 divide 148?
False
Does 22 divide 13420?
True
Is 179 a factor of 1253?
True
Does 18 divide 14094?
True
Is 14310 a multiple of 106?
True
Does 2 divide 499?
False
Does 3 divide 49?
False
Is 47895 a multiple of 14?
False
Is 7116 a multiple of 17?
False
Is 675 a multiple of 135?
True
Does 27 divide 1728?
True
Does 15 divide 690?
True
Is 6478 a multiple of 41?
True
Is 1064 a multiple of 76?
True
Is 177 a factor of 56994?
True
Does 53 divide 13886?
True
Is 15560 a multiple of 20?
True
Is 517 a multiple of 11?
True
Does 14 divide 54?
False
Is 911 a multiple of 21?
False
Is 21 a factor of 2500?
False
Is 2087 a multiple of 44?
False
Does 9 divide 144?
True
Is 24 a factor of 108241?
False
Does 75 divide 22035?
False
Is 1732 a multiple of 18?
False
Does 92 divide 2148?
False
Is 15567 a multiple of 97?
False
Is 917 a multiple of 15?
False
Is 1169 a multiple of 30?
False
Is 66 a factor of 10210?
False
Does 55 divide 821?
False
Does 11 divide 4851?
True
Is 20 a factor of 63925?
False
Is 8 a factor of 9235?
False
Does 83 divide 827?
False
Does 38 divide 797?
False
Is 11690 a multiple of 70?
True
Is 29470 a multiple of 12?
False
Is 12096 a multiple of 17?
False
Does 28 divide 672?
True
Is 7 a factor of 257?
False
Is 8 a factor of 1598?
False
Does 2 divide 241?
False
Is 656 a multiple of 17?
False
Is 2944 a multiple of 14?
False
Does 11 divide 286?
True
Is 49588 a multiple of 100?
False
Does 5 divide 251?
False
Is 304 a multiple of 26?
False
Is 21 a factor of 1575?
True
Is 19 a factor of 972?
False
Is 5 a factor of 1157?
False
Is 6095 a multiple of 34?
False
Does 292 divide 24422?
False
Is 38296 a multiple of 15?
False
Is 30 a factor of 2501?
False
Does 60 divide 11562?
False
Is 132 a multiple of 4?
True
Is 47937 a multiple of 116?
False
Is 64 a factor of 3456?
True
Is 71105 a multiple of 194?
False
Is 57 a factor of 6669?
True
Does 15 divide 1245?
True
Is 384 a multiple of 8?
True
Does 14 divide 19975?
False
Is 14 a factor of 14070?
True
Is 7 a factor of 670?
False
Does 10 divide 55298?
False
Does 25 divide 225?
True
Is 3956 a multiple of 43?
True
Is 16 a factor of 635?
False
Is 12115 a multiple of 94?
False
Does 29 divide 6148?
True
Is 33 a factor of 3366?
True
Is 1058 a multiple of 7?
False
Is 20 even?
True
Is 48 a factor of 53088?
True
Is 37 a factor of 1204?
False
Is 40 a factor of 1896?
False
Does 8 divide 448?
True
Is 1287 even?
False
Does 16 divide 6752?
True
Is 16 a factor of 224?
True
Is 10 a factor of 4430?
True
Does 14 divide 2086?
True
Is 9 a factor of 82?
False
Is 150 a factor of 2664?
False
Is 914 a multiple of 6?
False
Is 126 a factor of 1638?
True
Does 9 divide 3537?
True
Is 82 a factor of 11485?
False
Is 2584 a multiple of 34?
True
Is 9568 a multiple of 46?
True
Is 10967 a multiple of 34?
False
Does 48 divide 288?
True
Does 31 divide 29233?
True
Is 46326 a multiple of 75?
False
Does 10 divide 160?
True
Is 14964 a multiple of 29?
True
Does 11 divide 20955?
True
Is 7686 a multiple of 6?
True
Is 10214 a multiple of 9?
False
Is 5 a factor of 310?
True
Is 70 a factor of 350?
True
Is 5 a factor of 2515?
True
Does 4 divide 556?
True
Does 32 divide 23754?
False
Is 1725 a multiple of 25?
True
Is 4624 a multiple of 17?
True
Does 99 divide 690?
False
Does 154 divide 4688?
False
Does 68 divide 204?
True
Is 754 a multiple of 13?
True
Does 33 divide 330?
True
Is 10005 a multiple of 23?
True
Is 12461 a multiple of 131?
False
Is 16 a factor of 2139?
False
Is 7724 a multiple of 27?
False
Does 9 divide 1233?
True
Is 9 a factor of 1817?
False
Is 16 a factor of 96?
True
Is 98610 a multiple of 37?
False
Is 87 a factor of 17553?
False
Does 14 divide 434?
True
Does 6 divide 2826?
True
Does 12 divide 636?
True
Does 3 divide 84?
True
Does 298 divide 8940?
True
Does 69 divide 86?
False
Does 14 divide 9884?
True
Is 23 a factor of 973?
False
Is 68 a multiple of 15?
False
Is 15352 a multiple of 76?
True
Is 43 a factor of 4310?
False
Is 1003 a multiple of 59?
True
Is 149 a multiple of 4?
False
Is 15 a factor of 25110?
True
Is 49 a factor of 556?
False
Does 89 divide 575?
False
Is 183 a multiple of 3?
True
Is 4837 a multiple of 80?
False
Does 12 divide 4344?
True
Does 12 divide 336?
True
Is 5124 a multiple of 42?
True
Is 2054 a multiple of 79?
True
Does 112 divide 15344?
True
Is 14 a factor of 833?
False
Is 11 a factor of 115313?
True
Is 62 a multiple of 2?
True
Is 4832 a multiple of 14?
False
Is 29 a factor of 221?
False
Is 15 a factor of 60?
True
Is 61 a factor of 1342?
True
Is 67 a factor of 1841?
False
Is 180 a factor of 93600?
True
Is 1081 a multiple of 23?
True
Does 22 divide 8237?
False
Is 5 a factor of 19958?
False
Does 15 divide 8734?
False
Does 12 divide 2765?
False
Is 12 a factor of 408?
True
Does 5 divide 215?
True
Is 4825 a multiple of 26?
False
Is 49 a factor of 8869?
True
Is 3 a factor of 78?
True
Is 10 a factor of 246?
False
Is 11 a factor of 1584?
True
Is 4 a factor of 124?
True
Is 25 a factor of 2450?
True
Is 26 a factor of 1794?
True
Is 44 a factor of 6380?
True
Is 33 a factor of 11632?
False
Does 27 divide 2267?
False
Does 33 divide 82368?
True
Is 14 a factor of 3556?
True
Does 9 divide 184?
False
Is 22526 a multiple of 24?
False
Is 13 a factor of 16740?
False
Is 14820 a multiple of 11?
False
Is 8 a factor of 2553?
False
Is 33 a factor of 2304?
False
Is 71007 a multiple of 231?
False
Does 24 divide 25340?
False
Does 16 divide 1384?
False
Is 10 a factor of 2296?
False
Is 2016 a multiple of 56?
True
Is 645 a multiple of 4?
False
Is 216 a multiple of 2?
True
Is 65 a factor of 2405?
True
Is 14 a factor of 530?
False
Does 73 divide 2920?
True
Does 175 divide 82370?
False
Does 4 divide 271?
False
Does 33 divide 603?
False
Is 5734 a multiple of 61?
True
Is 8 a factor of 128?
True
Does 4 divide 4868?
True
Is 57247 a multiple of 19?
True
Is 4 a factor of 49?
False
Is 374 a multiple of 39?
False
Is 6778 a multiple of 14?
False
Is 22250 a multiple of 18?
False
Is 29299 a multiple of 46?
False
Is 111 a factor of 53110?
False
Does 7 divide 245?
True
Is 1761 a multiple of 12?
False
Does 14 divide 698?
False
Does 26 divide 260?
True
Is 11806 a multiple of 17?
False
Is 62806 a multiple of 82?
False
Is 212 a multiple of 18?
False
Does 19 divide 4902?
True
Does 42 divide 10752?
True
Does 54 divide 1566?
True
Is 25 a factor of 3800?
True
Is 2740 a multiple of 13?
False
Does 42 divide 924?
True
Is 1008 a multiple of 7?
True
Is 35 a factor of 944?
False
Is 128 a factor of 10368?
True
Is 330 a multiple of 22?
True
Is 31 a factor of 43245?
True
Does 10 divide 3104?
False
Does 11 divide 1001?
True
Is 9 a factor of 2655?
True
Does 60 divide 2160?
True
Is 22135 a multiple of 31?
False
Does 119 divide 5474?
True
Is 35 a factor of 1540?
True
Does 20 divide 887?
False
Is 5 a factor of 1780?
True
Is 24 a factor of 168?
True
Does 59 divide 1121?
True
Is 2190 a multiple of 40?
False
Does 95 divide 22907?
False
Does 9 divide 765?
True
Does 7 divide 1631?
True
Is 17 a factor of 359?
False
Does 3 divide 1197?
True
Is 6 a factor of 10244?
False
Is 12 a factor of 2928?
True
Is 1415 a multiple of 17?
False
Is 46 a factor of 548?
False
Is 207 a multiple of 2?
False
Is 114 a multiple of 19?
True
Is 48 a multiple of 16?
True
Is 21672 a multiple of 43?
True
Is 6876 a multiple of 9?
True
Is 4 a factor of 3836?
True
Does 38 divide 2090?
True
Is 15 a factor of 864?
False
Is 152 a factor of 3417?
False
Is 3 a factor of 523?
False
Is 16 a factor of 6576?
True
Is 22 a factor of 506?
True
Is 13 a factor of 1129?
False
Does 3 divide 47?
False
Does 42 divide 462?
True
Does 7 divide 6276?
False
Is 1348 a multiple of 63?
False
Is 92 a factor of 52992?
True
Is 24 a factor of 264?
True
Is 18 a factor of 1152?
True
Is 9 a factor of 1138?
False
Is 1232 a multiple of 14?
True
Is 1027 a multiple of 43?
False
Does 33 divide 792?
True
Does 8 divide 1018?
False
Is 44 a factor of 396?
True
Does 31 divide 1851?
False
Is 344 a factor of 127968?
True
Is 12 a factor of 128244?
True
Is 31 a factor of 7536?
False
Is 61685 a multiple of 235?
False
Is 217 a factor of 43400?
True
Is 64 a factor of 4530?
False
Is 8 a factor of 359?
False